2. Give f(-9).
34
Let u(f) = -436*f - 218. Give u(-1).
218
Let o(l) = -l**2 + 347*l + 3203. Determine o(-9).
-1
Let p(y) = -y**2 - 129*y - 1785. Give p(-16).
23
Let z(b) = -2*b**2 - 22*b + 153. Give z(-16).
-7
Let p(n) = n**2 - 10*n - 143. Calculate p(27).
316
Let k(v) = -2*v**3 + 208*v**2 - 17*v + 1790. What is k(104)?
22
Let u(c) = c**3 - 21*c**2 - 144*c - 51. Determine u(26).
-415
Let a(b) = -4*b**3 - 102*b**2 + 44*b - 37. What is a(-26)?
171
Let t(i) = -243*i + 1951. Calculate t(8).
7
Let u(v) = -2*v**2 + 16*v + 87. What is u(0)?
87
Let i(f) = 2*f**3 - 76*f**2 + 15*f + 23. Calculate i(38).
593
Let j(a) = -77*a + 150. Determine j(2).
-4
Let i(l) = l**2 - 17*l + 84. Determine i(4).
32
Let o(t) = 84*t - 269. Calculate o(3).
-17
Let k(v) = v**3 - 54*v**2 - 296*v + 79. Determine k(59).
20
Let u(r) = r**3 - 118*r**2 - 277*r + 4440. What is u(120)?
0
Let z(h) = -h**2 - 68*h - 1011. What is z(-46)?
1
Let r(l) = -5*l - 1302. What is r(-53)?
-1037
Let s(o) = 22*o - 359. Calculate s(15).
-29
Let a(j) = -46*j - 9. What is a(1)?
-55
Let l(r) = -r**3 - 21*r**2 - 72*r + 389. Calculate l(-11).
-29
Let z(g) = 3*g**2 - 441*g + 425. Calculate z(146).
-13
Let f(h) = 2*h**2 - 121*h + 763. Determine f(7).
14
Let w(h) = -3*h**3 - 19*h**2 - 21*h + 1. Determine w(-4).
-27
Let m(t) = 3*t**2 + 30*t - 27. Give m(7).
330
Let c(a) = -91*a - 896. What is c(-10)?
14
Let b(w) = -2*w**3 + 12*w**2 + 322*w + 6. Determine b(-10).
-14
Let l(r) = -3*r**3 + 122*r**2 - 81*r + 37. Calculate l(40).
-3
Let a(f) = 30*f + 98. Calculate a(-3).
8
Let s(o) = -o**3 + 24*o**2 + 6*o - 138. Determine s(24).
6
Let b(n) = -23*n - 588. Calculate b(-25).
-13
Let a(h) = -h**3 + 9*h**2 - 2*h + 79. Determine a(9).
61
Let n(g) = 103*g - 2063. Calculate n(20).
-3
Let i(f) = f**3 - 28*f**2 + 145*f - 295. Determine i(22).
-9
Let f(r) = 6*r**2 + 4*r + 23. What is f(-6)?
215
Let n(q) = -q**3 - 20*q**2 - 79*q - 75. Calculate n(-15).
-15
Let d(m) = -16*m**2 - 1294*m + 222. What is d(-81)?
60
Let n(c) = c**3 + 33*c**2 - 180*c + 388. What is n(-38)?
8
Let q(a) = -11*a**2 + 400*a - 894. Give q(34).
-10
Let f(d) = 16*d + 120. What is f(-9)?
-24
Let z(b) = -47*b**2 + 6. Determine z(2).
-182
Let k(j) = -j**3 + 62*j**2 - 58*j - 202. Calculate k(61).
-19
Let d(n) = -5*n**3 + 12*n**2 + 25*n - 77. What is d(3)?
-29
Let j(l) = -6*l**3 - 243*l**2 + 122*l - 2. Calculate j(-41).
39
Let t(i) = -28*i - 893. Give t(-32).
3
Let a(j) = -j**3 + 87*j**2 - 701*j - 72. Give a(78).
6
Let w(d) = d**3 - 9*d**2 + 5*d + 67. Determine w(5).
-8
Let i(t) = 7*t**2 - 100*t - 3. Calculate i(14).
-31
Let h(x) = -x**3 + 74*x**2 - 483*x + 945. What is h(67)?
7
Let s(c) = 2*c - 439. Calculate s(39).
-361
Let d(m) = -2*m**3 - 22*m**2 - 9*m + 107. Give d(-10).
-3
Let x(b) = -b**3 - 35*b**2 - 276*b - 8. Calculate x(-23).
-8
Let s(u) = 2*u**2 + 57*u - 41. Determine s(-26).
-171
Let v(w) = 8*w + 272. Determine v(-37).
-24
Let p(b) = -32*b + 8037. Calculate p(251).
5
Let y(q) = -2021*q + 88930. Determine y(44).
6
Let h(b) = b**2 - 6*b - 66. What is h(-14)?
214
Let x(j) = -79*j + 2197. What is x(29)?
-94
Let v(d) = 35*d + 914. Calculate v(-26).
4
Let d(z) = z**3 + 13*z**2 - 55*z - 59. Determine d(-16).
53
Let o(t) = -t**3 + 9*t**2 - 9*t + 335. What is o(11)?
-6
Let k(m) = 6*m**2 - 374*m + 1831. What is k(57)?
7
Let i(h) = 51*h**2 - 5*h - 2. Determine i(1).
44
Let c(s) = 3*s**3 + 11*s**2 - 4*s - 6. Give c(0).
-6
Let p(g) = -2*g**2 + 14*g + 41. Give p(10).
-19
Let l(f) = 3*f**2 - 101*f - 531. What is l(37)?
-161
Let k(a) = a**3 + 20*a**2 + 38*a + 37. Give k(-18).
1
Let y(b) = 24*b**2 + 1030*b - 81. Give y(-43).
5
Let q(b) = -450*b - 2250. Calculate q(-5).
0
Let p(k) = -827*k - 11556. What is p(-14)?
22
Let b(l) = -2*l - 26. Calculate b(4).
-34
Let v(u) = u**3 - 20*u**2 + 12*u - 23. Determine v(19).
-156
Let w(h) = 24*h - 905. What is w(28)?
-233
Let s(o) = 137*o**2 - 420*o + 421. Calculate s(1).
138
Let k(v) = 666*v + 145182. What is k(-218)?
-6
Let o(u) = 2307*u - 57677. What is o(25)?
-2
Let z(d) = -56*d + 56. Give z(3).
-112
Let t(p) = p**2 - 7*p - 13. Determine t(-9).
131
Let z(g) = g**3 + 10*g**2 - 8*g - 52. What is z(-10)?
28
Let f(w) = -306*w - 1845. Determine f(-6).
-9
Let d(g) = 7*g - 88. What is d(12)?
-4
Let k(u) = 130*u - 6594. What is k(51)?
36
Let x(c) = -135*c + 3103. What is x(23)?
-2
Let m(f) = -43*f - 421. Calculate m(-10).
9
Let b(u) = -u**3 + 35*u**2 + 135*u - 2251. What is b(37)?
6
Let f(u) = u**3 - 28*u**2 + 132*u + 19. Calculate f(23).
410
Let n(v) = -4*v + 38. Determine n(9).
2
Let i(p) = -p**3 + 26*p**2 - 18*p - 45. Give i(25).
130
Let m(c) = c**3 - 8*c**2 + 25*c - 2. Give m(5).
48
Let k(j) = -2417*j + 12085. Determine k(5).
0
Let z(l) = -2*l**3 - 3*l**2 - 12*l - 16. Calculate z(-4).
112
Let l(m) = 404*m - 132519. Determine l(328).
-7
Let y(k) = -k**3 + 7*k**2 + 20*k - 14. Determine y(8).
82
Let t(h) = 9*h + 102. Determine t(-10).
12
Let n(q) = -71*q - 1488. What is n(-21)?
3
Let c(v) = -29*v - 202. Determine c(-7).
1
Let m(s) = 2*s**2 - 140*s + 1016. What is m(64)?
248
Let p(m) = -m**3 - 2*m**2 - 4*m + 117. Calculate p(0).
117
Let p(g) = -251*g + 15307. Determine p(61).
-4
Let m(c) = -c**2 - 1821*c - 28868. Calculate m(-16).
12
Let b(k) = -k**3 - 10*k**2 + 10*k - 33. Give b(-11).
-22
Let u(r) = 300*r - 4878. Determine u(17).
222
Let t(z) = 19*z - 38. What is t(2)?
0
Let d(y) = y**3 + 12*y**2 + 35*y - 12. Give d(-7).
-12
Let j(y) = 2*y**3 - 173*y**2 + 592*y - 918. What is j(83)?
-5
Let x(s) = 2*s**3 - 6*s**2 + 17*s - 32. Determine x(3).
19
Let r(i) = -2*i**2 - 132*i + 722. Give r(5).
12
Let q(s) = -45*s - 1453. Determine q(-31).
-58
Let r(k) = -k**3 - 3*k**2 + 15*k - 3. What is r(-5)?
-28
Let s(p) = p**3 + 6*p**2 - 47*p - 284. Calculate s(-7).
-4
Let c(f) = 6*f**3 + 94*f**2 - 67*f - 556. Calculate c(-16).
4
Let r(o) = -o**2 - 27*o - 57. Calculate r(0).
-57
Let a(x) = -x**3 + 25*x**2 + 99*x - 367. Give a(28).
53
Let o(m) = m**2 + 62*m + 855. Give o(-20).
15
Let y(m) = m**3 - 13*m**2 + 29*m + 4. Determine y(4).
-24
Let y(r) = r**3 - 12*r**2 + 106*r - 358. Calculate y(5).
-3
Let k(q) = 73*q + 243. What is k(7)?
754
Let i(y) = y**3 + 86*y**2 - 92*y - 390. Give i(-87).
45
Let o(l) = l**3 - 23*l**2 - 396*l + 302. Calculate o(-12).
14
Let g(x) = x**3 + 60*x**2 + 66*x + 135. Calculate g(-59).
-278
Let i(d) = -d**3 + 6*d**2 - 13*d - 1. What is i(4)?
-21
Let n(p) = -p**3 - 10*p**2 - 3*p - 40. Give n(-10).
-10
Let f(y) = 125*y**3 + y**2 + 14*y - 15. Give f(1).
125
Let u(n) = 206*n - 9694. Calculate u(47).
-12
Let c(b) = b**2 + 47*b - 1018. What is c(16)?
-10
Let q(s) = -25*s**2 - 14*s + 2. Give q(1).
-37
Let c(j) = -513*j + 17952. Give c(35).
-3
Let m(f) = 5*f**2 + 32*f - 7. What is m(-7)?
14
Let f(z) = -180*z - 2421. What is f(-13)?
-81
Let g(o) = -7*o**2 - 408*o - 31. Calculate g(-59).
-326
Let f(l) = -780*l - 773. What is f(-1)?
7
Let d(c) = 12*c + 588. Calculate d(-41).
96
Let v(m) = 129*m - 6719. Determine v(52).
-11
Let j(o) = -o**2 - 126*o - 1277. Determine j(-11).
-12
Let c(b) = 566*b + 2265. Give c(-4).
1
Let h(a) = -a**2 - 92*a - 1223. Give h(-16).
-7
Let d(z) = -2*z + 39. Calculate d(-33).
105
Let k(r) = -r**2 - 170*r + 4008. What is k(21)?
-3
Let c(v) = 7*v - 135. Calculate c(5).
-100
Let t(y) = -2*y**3 - 9*y**2 + y + 47. Determine t(2).
-3
Let b(t) = -2*t**2 + 3*t + 39. Determine b(0).
39
Let c(g) = -g**2 + 8*g + 8. What is c(16)?
-120
Let y(q) = -q**3 + 8*q**2 - 25*q + 135. Give y(7).
9
Let t(y) = -2*y**3 + 11*y**2 - 24*y + 49. Give t(6).
-131
Let s(k) = -3*k**3 + 2*k**2 + 263. Determine s(0).
263
Let y(o) = 2*o**2 + 17*o - 102. What is y(-16)?
138
Let w(y) = -3*y**2 - 4*y + 201. What is w(-15)?
-414
Let z(q) = -3*q**3 - 7*q**2 + 440*q + 889. Give z(-2).
5
Let u(s) = 2*s**3 - 18*s + 33. Give u(3).
33
Let g(r) = -r**2 + 23*r - 29. Determine g(19).
47
Let q(m) = 1111*m + 6638. Give q(-6).
-28
Let a(x) = -580*x**2 + 6*x - 1. Calculate a(1).
-575
Let t(c) = -3*c**3 + 240*c**2 - 4*c + 236. Calculate t(80).
-84
Let g(o) = -291*o + 1766. Give g(6).
20
Let c(r) = 49*r - 223. What is c(7)?
120
Let b(u) = -1003*u - 3981. Give b(-4).
31
Let y(p) = -p**2 - 79*p - 1002. Determine y(-14).
-92
Let y(a) = -a**2 - 120. Calculate y(-10).
-220
Let j(s) = 50*s - 151. Give j(3).
-1
Let v(h) = 27*h + 3350. What is v(-124)?
2
Let y(v) = -2440